ose -4*c + 4266 + 6 = 0. Let k = -302 + c. What is the hundreds digit of k?
7
Suppose 41*y = 88 + 18895. Let p = -157 - -448. Let c = y - p. What is the tens digit of c?
7
What is the hundreds digit of (3/(-10))/((-172)/20896280)?
4
Suppose 53*f + 68*f - 1768846 = 1388528. What is the units digit of f?
4
Suppose -l = -10*l + 36. Suppose -89 = -3*z - l*q, 166 = 5*z - 3*q + 37. Let s = 15 + z. What is the units digit of s?
2
Let m(h) = -13*h**2 - h - 1. Let x be m(1). Let l be (4/(-5))/(1/x). Let a(b) = 5*b - 5. What is the tens digit of a(l)?
5
Let w(m) = -40*m**3 - 5*m**2 - 10*m - 4. Suppose 2*g - 6 = 5*b, 10 = g - 4*g - 2*b. Let v be w(g). Let y = v - 163. What is the units digit of y?
3
Let c = 20356 + -13334. What is the hundreds digit of c?
0
Suppose -u + 28 = s + 3*u, 101 = 5*s + 7*u. Suppose d + 6*l - 2*l = 757, -3*d + 2*l = -2229. Suppose -21*v + d = -s*v. What is the hundreds digit of v?
1
Let d(w) = 950 + 4*w - 2*w + w - w - 44. What is the hundreds digit of d(0)?
9
Suppose 3*z + 48118 = -3*y - z, y + 5*z = -16032. What is the units digit of 6/(-33) + y/(-22)?
9
Let q(z) = z**2 - 2*z - 121. Let m be q(0). Let n = m + 122. What is the units digit of (-4)/(16/428)*n/(-1)?
7
Let k = 7013 - -5943. What is the hundreds digit of k?
9
Suppose -3*h + 7*h = 2*h + 330. What is the hundreds digit of h?
1
Suppose 1368011 + 6040539 = 495*t - 8575000. What is the tens digit of t?
9
Let l be 162/45 + 6/(-10). Suppose l*m + 852 = 3*y, -3*y - 1465 = -8*y - 4*m. What is the units digit of y?
9
Suppose 3*n - 8 = -2*q, -11 = -5*n - 5*q + 4. Suppose 8 = n*r, 3*x - 5*r - 85 = -2*x. Suppose 4*u + x = -5*i, u - 2 = i + 4. What is the units digit of u?
1
Let h be 6/(-27) - (-2387)/9. What is the tens digit of (261/145)/(3/h)?
5
Let c be (2/1 - 2)*1/(-2). Suppose -4*w + 440 + 132 = -4*n, c = 4*n - 8. Suppose 575 = 16*d - w. What is the tens digit of d?
4
Let w = -209 - -215. Suppose 704 = 2*d + 3*b, -10*d + w*d + 2*b = -1392. What is the hundreds digit of d?
3
Suppose 4*r + 147 = s + 9*r, 0 = -4*s - 3*r + 503. Let c = 190 + s. What is the hundreds digit of c?
3
Let f = -32 + 43. Let z(c) = -c + 11. Let w be z(f). Suppose 11*m - 16*m + 95 = w. What is the tens digit of m?
1
Let p(r) = -20*r**2 - 9 - 15*r - 3*r**3 + 8*r**3 - 6*r**3. What is the tens digit of p(-20)?
9
Let s be ((-6)/12)/(0 - 3/108). Suppose -42 = s*t - 4758. What is the hundreds digit of t?
2
Let z(b) = b**3 + 6*b**2 - b - 2. Let v be z(-6). Let w(d) = v*d - 62*d**2 - 4*d + 63*d**2 - 13. What is the tens digit of w(-5)?
1
Let g = 31 - -334. Let h(j) = j - 5. Let o be h(9). Suppose 5*n = 4*n, 5*s = -o*n + g. What is the units digit of s?
3
Let q = -128 - -128. Suppose -5*o - 5*n + 1935 = q, 0 = -10*n + 5*n. What is the hundreds digit of o?
3
Let q be (-58)/(5/25*(-4)/2). Suppose -s - 155 = -6*s. Suppose s*m - 36*m + q = 0. What is the units digit of m?
9
Let c(o) = 26*o**2 - 3*o - 14*o + 17*o - 2. Let i be c(-2). Let x = 132 - i. What is the units digit of x?
0
Suppose 19*c - 739652 = -47*c + 379444. What is the units digit of c?
6
Let f = 26 - 21. Suppose -p + 2*p + f*i = -5, -3*p + 5*i = -25. Suppose 1203 = p*t + y, 966 = -0*t + 4*t + 2*y. What is the units digit of t?
0
Suppose -46609*z = -46628*z + 1406988. What is the tens digit of z?
5
Suppose 2*c - 1275 = -319. Let s = -226 + c. Suppose 4*j + w = -j + 256, -5*j = -3*w - s. What is the units digit of j?
1
Suppose 0 = 713*j - 203*j - 3741870. What is the tens digit of j?
3
Suppose 14*u = -786 + 226. What is the units digit of (-32)/u - (2844/(-10))/2?
3
Let a = -201 + 141. Let q be (-90)/a - 34/(-4). Suppose 60 = 12*j - q*j. What is the units digit of j?
0
Let w(k) = k**2 + 5*k - 19. Let n(f) = 9*f**2 - 2*f**3 - 35 + 29 + 4*f**3 - 17*f. Let j be n(-6). What is the units digit of w(j)?
5
Let t(o) = -64*o - 120. What is the tens digit of t(-20)?
6
Suppose -66 = -7*c + 53. Suppose -4*g + 15 = 4*d - c, 3*g = 5*d - 16. Suppose g*a - 3*i = 483, 2*i + 808 = 5*a - 0*i. What is the hundreds digit of a?
1
Suppose 13*v - 17*v + 3396 = 0. Suppose 0 = -11*r + 8*r + v. What is the hundreds digit of r?
2
Let d(n) = -n**3 - 8*n**2 - 6*n - 8. Let h be d(-8). Let q(x) = -3*x**3 + 4*x + 2. Let m be q(-2). Let c = h - m. What is the units digit of c?
2
Let t = 47818 - 23556. What is the units digit of t?
2
Suppose 0 = -d + 13*d - 3540. Let y = d - 423. Let z = -87 - y. What is the units digit of z?
1
Let j be -3 - (-249 + 0)*(-3)/(-9). Suppose -83*x = -j*x - 2688. Suppose 15*h - x = 8*h. What is the tens digit of h?
2
Suppose -2*b = g - 1265, 5*b + 5*g - 859 = 2316. Suppose x + 4*x = -b. Let q = x + 216. What is the units digit of q?
0
Suppose -2*x - 3*x - 126 = -p, -4*p = 4*x - 624. Let s be (-28)/(-6) - (-4)/12. Suppose p = s*a + 36. What is the tens digit of a?
2
Let g be (-6)/(-5)*10/3. Suppose 2*p + 8 = 6*p, -g*s = -2*p - 704. Let q = -103 + s. What is the tens digit of q?
7
Let d = -644 + 624. Let h(p) = 2*p**2 + 29*p + 54. What is the hundreds digit of h(d)?
2
Let s be (26/(-52))/(-1*2/5272). Let k = s - 771. What is the tens digit of k?
4
Let j be 8/20 - (-214)/(-10). Let t = -18 - j. Suppose -2*h - 218 = -7*h - 3*d, t*h - 130 = -2*d. What is the units digit of h?
6
Suppose -f - 11*b + 16*b = -6, -2*b - 4 = 0. What is the hundreds digit of 956 + f - 20/4?
9
Suppose -2*x - 6*x = -80. What is the hundreds digit of 220/(-10)*(-155)/x?
3
Let p(z) = 3313*z - 1283. What is the hundreds digit of p(12)?
4
Let l be (-2)/(3 - 5)*(1 - -2). Suppose -l*i + 8 + 1 = 0. Suppose 4*x = 4*n - 376, -x - i*x = -3*n + 285. What is the tens digit of n?
9
Let i(d) = -33*d**2 - 10*d + 3. Let z be i(7). Let h be (-24)/42 - z/7. Let x = -100 + h. What is the hundreds digit of x?
1
Let f(u) = 644*u**2 + 54*u - 132. What is the hundreds digit of f(3)?
8
Suppose 16*o + 207 = -53*o. What is the units digit of 60/(-18)*4*o/1?
0
Let z(k) = -k**2 - 3*k**2 - 13*k - 4*k**2 + 6*k**2 + 9. Let o be z(-7). Suppose 5*r - 135 = 2*c, 0 = -3*c - o - 13. What is the tens digit of r?
2
Suppose -16*y + 461342 = 11*y + 142040. What is the hundreds digit of y?
8
Let g = 598 - 607. What is the thousands digit of 3354*(-4)/8*6/g?
1
Let c = 128300 - 54607. What is the units digit of c?
3
Let z = 12 - -26. Suppose -2*w + 106 = z. What is the units digit of (w - 1)*4/9*3?
4
Let z = 1348 - 1042. Let l be (-3058)/(-6) - (-1)/3. Let h = l - z. What is the tens digit of h?
0
Let x(p) = -6*p**2 - 3*p - 1. Let z be x(-1). What is the tens digit of 0 - (1 + z - (-473)/(-1))?
7
Let r be 4/(-12)*-3 - -4. Suppose 79 - 144 = -r*v. What is the hundreds digit of (1*v)/((3 + 4)/133)?
2
Let y = 2348 - 621. Let f = y + -698. What is the thousands digit of f?
1
Suppose 19*z - 6664 = 117330. What is the thousands digit of z?
6
Let v(w) = 129*w + 21. Suppose -24 = 13*r - 19*r. What is the tens digit of v(r)?
3
Let o be (51/(-102))/((-2)/(-12)). What is the units digit of (-11)/o + -3 - (-1336)/3?
6
Let m = 28425 + -14591. What is the units digit of m?
4
Let p = 12 + -9. Let x be (12/3 + -3)*p. Suppose -3*n - f = f - 175, -5*n + 290 = x*f. What is the units digit of n?
5
Let r = 56918 - 18789. What is the units digit of r?
9
Let c(g) = -g**2 - 2*g - 27. Let t be c(23). Let f = t + 1131. What is the hundreds digit of f?
5
Let w(h) = -h**3 - 5*h**2 + 6*h - 12. Let u be w(-6). Let i(f) = -f**3 - 10*f**2 + 25*f - 5. Let o be i(u). What is the units digit of (-3 + 23)*o/(-4)?
5
Suppose -2*a - 3*a = -4*a. Let y be 0 + a + (2 - (-32)/(-4)). Let d(q) = -q**3 - 4*q**2 - 3*q - 11. What is the units digit of d(y)?
9
What is the ten thousands digit of ((-14)/(-147)*-28)/(4/(-15810))?
1
What is the hundreds digit of -23437*(-25)/(-100)*-4?
4
Suppose 0 = 4*q + 4*w - 156, 0*q + 2*w = 3*q - 107. Let v = -43 + q. What is the tens digit of 3 + (-6)/4 + (-459)/v?
7
What is the tens digit of (-18 + 0)*(-5 + (-50815)/30)?
7
Let h = 56881 + -40000. What is the hundreds digit of h?
8
Suppose 0 = 1165*d - 1155*d - 47310. What is the hundreds digit of d?
7
Suppose -1673*w = -1669*w + o - 148838, 2*o + 4 = 0. What is the ten thousands digit of w?
3
Suppose -w + x = 4, x = -0*w + 4*w + 10. Let d be ((-218)/(-3))/(w/(-9)*-3). Let c = d - -167. What is the units digit of c?
8
Let n = 48714 + -31513. What is the thousands digit of n?
7
Let v = 369 - 